{"id":1806,"date":"2019-12-03T12:02:02","date_gmt":"2019-12-03T11:02:02","guid":{"rendered":"http:\/\/www.lesmerveillesdupacifique.com\/prod\/?post_type=product&#038;p=1806"},"modified":"2025-04-14T12:28:09","modified_gmt":"2025-04-14T10:28:09","slug":"colc01-noir","status":"publish","type":"product","link":"https:\/\/www.lesmerveillesdupacifique.com\/it\/produit\/colc01-noir\/","title":{"rendered":"Collana perla cerchiata su cordoncino &#8211; COLC01 Nero"},"content":{"rendered":"","protected":false},"excerpt":{"rendered":"<p><strong>Perla di coltura di Tahiti<\/strong><br \/>\n<strong>forma:\u00a0<\/strong><span lang=\"EN-US\">cerchiata<br \/>\n<\/span><strong><span lang=\"EN-US\">dimensione<\/span>:<\/strong> 10-11 mm<br \/>\n<strong>qualit\u00e0:<\/strong> A\/B<br \/>\n<span lang=\"EN-US\">cordoncino in poliestere<\/span> nodi marini scorrevoli<\/p>\n<p><strong>colori disponibili :<\/strong> rosso, beige, marrone, verde, rosa, nero, grigio<br \/>\n<strong>braccialetti abbinati<\/strong><\/p>\n","protected":false},"featured_media":2434,"template":"","meta":{"_mi_skip_tracking":false},"product_cat":[25],"product_tag":[],"yoast_head":"<!-- This site is optimized with the Yoast SEO plugin v18.3 - https:\/\/yoast.com\/wordpress\/plugins\/seo\/ -->\n<title>Collier en perle de culture cercl\u00e9e noire sur cordon - COLC01 Noir<\/title>\n<meta name=\"description\" content=\"D\u00e9couvrez notre collier en perle cercl\u00e9e confectionn\u00e9 \u00e0 partir d&#039;une perle de culture de couleur noire dans les ateliers Les Merveilles du Pacifique, importateur de perles de Tahiti depuis 2009.\" \/>\n<meta name=\"robots\" content=\"index, follow, max-snippet:-1, max-image-preview:large, max-video-preview:-1\" \/>\n<link rel=\"canonical\" href=\"https:\/\/www.lesmerveillesdupacifique.com\/it\/produit\/colc01-noir\/\" \/>\n<meta property=\"og:locale\" content=\"it_IT\" \/>\n<meta property=\"og:type\" content=\"article\" \/>\n<meta property=\"og:title\" content=\"Collier en perle de culture cercl\u00e9e noire sur cordon - COLC01 Noir\" \/>\n<meta property=\"og:description\" content=\"D\u00e9couvrez notre collier en perle cercl\u00e9e confectionn\u00e9 \u00e0 partir d&#039;une perle de culture de couleur noire dans les ateliers Les Merveilles du Pacifique, importateur de perles de Tahiti depuis 2009.\" \/>\n<meta property=\"og:url\" content=\"https:\/\/www.lesmerveillesdupacifique.com\/produit\/colc01-noir\/\" \/>\n<meta property=\"og:site_name\" content=\"Les Merveilles du Pacifique\" \/>\n<meta property=\"article:modified_time\" content=\"2025-04-14T10:28:09+00:00\" \/>\n<meta property=\"og:image\" content=\"https:\/\/www.lesmerveillesdupacifique.com\/wp-content\/uploads\/2019\/12\/COLC01-noir-scaled.jpg\" \/>\n\t<meta property=\"og:image:width\" content=\"1920\" \/>\n\t<meta property=\"og:image:height\" content=\"2560\" \/>\n\t<meta property=\"og:image:type\" content=\"image\/jpeg\" \/>\n<meta name=\"twitter:card\" content=\"summary_large_image\" \/>\n<script type=\"application\/ld+json\" class=\"yoast-schema-graph\">{\"@context\":\"https:\/\/schema.org\",\"@graph\":[{\"@type\":\"WebSite\",\"@id\":\"https:\/\/www.lesmerveillesdupacifique.com\/fr\/#website\",\"url\":\"https:\/\/www.lesmerveillesdupacifique.com\/fr\/\",\"name\":\"Les Merveilles du Pacifique\",\"description\":\"Perles de culture de Tahiti\",\"potentialAction\":[{\"@type\":\"SearchAction\",\"target\":{\"@type\":\"EntryPoint\",\"urlTemplate\":\"https:\/\/www.lesmerveillesdupacifique.com\/fr\/?s={search_term_string}\"},\"query-input\":\"required name=search_term_string\"}],\"inLanguage\":\"it-IT\"},{\"@type\":\"ImageObject\",\"@id\":\"https:\/\/www.lesmerveillesdupacifique.com\/produit\/colc01-noir\/#primaryimage\",\"inLanguage\":\"it-IT\",\"url\":\"https:\/\/www.lesmerveillesdupacifique.com\/wp-content\/uploads\/2019\/12\/COLC01-noir-scaled.jpg\",\"contentUrl\":\"https:\/\/www.lesmerveillesdupacifique.com\/wp-content\/uploads\/2019\/12\/COLC01-noir-scaled.jpg\",\"width\":1920,\"height\":2560,\"caption\":\"perle de Tahiti\"},{\"@type\":\"WebPage\",\"@id\":\"https:\/\/www.lesmerveillesdupacifique.com\/produit\/colc01-noir\/#webpage\",\"url\":\"https:\/\/www.lesmerveillesdupacifique.com\/produit\/colc01-noir\/\",\"name\":\"Collier en perle de culture cercl\u00e9e noire sur cordon - COLC01 Noir\",\"isPartOf\":{\"@id\":\"https:\/\/www.lesmerveillesdupacifique.com\/fr\/#website\"},\"primaryImageOfPage\":{\"@id\":\"https:\/\/www.lesmerveillesdupacifique.com\/produit\/colc01-noir\/#primaryimage\"},\"datePublished\":\"2019-12-03T11:02:02+00:00\",\"dateModified\":\"2025-04-14T10:28:09+00:00\",\"description\":\"D\u00e9couvrez notre collier en perle cercl\u00e9e confectionn\u00e9 \u00e0 partir d'une perle de culture de couleur noire dans les ateliers Les Merveilles du Pacifique, importateur de perles de Tahiti depuis 2009.\",\"breadcrumb\":{\"@id\":\"https:\/\/www.lesmerveillesdupacifique.com\/produit\/colc01-noir\/#breadcrumb\"},\"inLanguage\":\"it-IT\",\"potentialAction\":[{\"@type\":\"ReadAction\",\"target\":[\"https:\/\/www.lesmerveillesdupacifique.com\/produit\/colc01-noir\/\"]}]},{\"@type\":\"BreadcrumbList\",\"@id\":\"https:\/\/www.lesmerveillesdupacifique.com\/produit\/colc01-noir\/#breadcrumb\",\"itemListElement\":[{\"@type\":\"ListItem\",\"position\":1,\"name\":\"Accueil\",\"item\":\"https:\/\/www.lesmerveillesdupacifique.com\/\"},{\"@type\":\"ListItem\",\"position\":2,\"name\":\"Collection\",\"item\":\"https:\/\/www.lesmerveillesdupacifique.com\/fr\/shop\/\"},{\"@type\":\"ListItem\",\"position\":3,\"name\":\"Collier perle cercl\u00e9e sur cordon &#8211; COLC01 Noir\"}]}]}<\/script>\n<!-- \/ Yoast SEO plugin. -->","yoast_head_json":{"title":"Collier en perle de culture cercl\u00e9e noire sur cordon - COLC01 Noir","description":"D\u00e9couvrez notre collier en perle cercl\u00e9e confectionn\u00e9 \u00e0 partir d'une perle de culture de couleur noire dans les ateliers Les Merveilles du Pacifique, importateur de perles de Tahiti depuis 2009.","robots":{"index":"index","follow":"follow","max-snippet":"max-snippet:-1","max-image-preview":"max-image-preview:large","max-video-preview":"max-video-preview:-1"},"canonical":"https:\/\/www.lesmerveillesdupacifique.com\/it\/produit\/colc01-noir\/","og_locale":"it_IT","og_type":"article","og_title":"Collier en perle de culture cercl\u00e9e noire sur cordon - COLC01 Noir","og_description":"D\u00e9couvrez notre collier en perle cercl\u00e9e confectionn\u00e9 \u00e0 partir d'une perle de culture de couleur noire dans les ateliers Les Merveilles du Pacifique, importateur de perles de Tahiti depuis 2009.","og_url":"https:\/\/www.lesmerveillesdupacifique.com\/produit\/colc01-noir\/","og_site_name":"Les Merveilles du Pacifique","article_modified_time":"2025-04-14T10:28:09+00:00","og_image":[{"width":1920,"height":2560,"url":"https:\/\/www.lesmerveillesdupacifique.com\/wp-content\/uploads\/2019\/12\/COLC01-noir-scaled.jpg","type":"image\/jpeg"}],"twitter_card":"summary_large_image","schema":{"@context":"https:\/\/schema.org","@graph":[{"@type":"WebSite","@id":"https:\/\/www.lesmerveillesdupacifique.com\/fr\/#website","url":"https:\/\/www.lesmerveillesdupacifique.com\/fr\/","name":"Les Merveilles du Pacifique","description":"Perles de culture de Tahiti","potentialAction":[{"@type":"SearchAction","target":{"@type":"EntryPoint","urlTemplate":"https:\/\/www.lesmerveillesdupacifique.com\/fr\/?s={search_term_string}"},"query-input":"required name=search_term_string"}],"inLanguage":"it-IT"},{"@type":"ImageObject","@id":"https:\/\/www.lesmerveillesdupacifique.com\/produit\/colc01-noir\/#primaryimage","inLanguage":"it-IT","url":"https:\/\/www.lesmerveillesdupacifique.com\/wp-content\/uploads\/2019\/12\/COLC01-noir-scaled.jpg","contentUrl":"https:\/\/www.lesmerveillesdupacifique.com\/wp-content\/uploads\/2019\/12\/COLC01-noir-scaled.jpg","width":1920,"height":2560,"caption":"perle de Tahiti"},{"@type":"WebPage","@id":"https:\/\/www.lesmerveillesdupacifique.com\/produit\/colc01-noir\/#webpage","url":"https:\/\/www.lesmerveillesdupacifique.com\/produit\/colc01-noir\/","name":"Collier en perle de culture cercl\u00e9e noire sur cordon - COLC01 Noir","isPartOf":{"@id":"https:\/\/www.lesmerveillesdupacifique.com\/fr\/#website"},"primaryImageOfPage":{"@id":"https:\/\/www.lesmerveillesdupacifique.com\/produit\/colc01-noir\/#primaryimage"},"datePublished":"2019-12-03T11:02:02+00:00","dateModified":"2025-04-14T10:28:09+00:00","description":"D\u00e9couvrez notre collier en perle cercl\u00e9e confectionn\u00e9 \u00e0 partir d'une perle de culture de couleur noire dans les ateliers Les Merveilles du Pacifique, importateur de perles de Tahiti depuis 2009.","breadcrumb":{"@id":"https:\/\/www.lesmerveillesdupacifique.com\/produit\/colc01-noir\/#breadcrumb"},"inLanguage":"it-IT","potentialAction":[{"@type":"ReadAction","target":["https:\/\/www.lesmerveillesdupacifique.com\/produit\/colc01-noir\/"]}]},{"@type":"BreadcrumbList","@id":"https:\/\/www.lesmerveillesdupacifique.com\/produit\/colc01-noir\/#breadcrumb","itemListElement":[{"@type":"ListItem","position":1,"name":"Accueil","item":"https:\/\/www.lesmerveillesdupacifique.com\/"},{"@type":"ListItem","position":2,"name":"Collection","item":"https:\/\/www.lesmerveillesdupacifique.com\/fr\/shop\/"},{"@type":"ListItem","position":3,"name":"Collier perle cercl\u00e9e sur cordon &#8211; COLC01 Noir"}]}]}},"acf":[],"_links":{"self":[{"href":"https:\/\/www.lesmerveillesdupacifique.com\/it\/wp-json\/wp\/v2\/product\/1806"}],"collection":[{"href":"https:\/\/www.lesmerveillesdupacifique.com\/it\/wp-json\/wp\/v2\/product"}],"about":[{"href":"https:\/\/www.lesmerveillesdupacifique.com\/it\/wp-json\/wp\/v2\/types\/product"}],"wp:featuredmedia":[{"embeddable":true,"href":"https:\/\/www.lesmerveillesdupacifique.com\/it\/wp-json\/wp\/v2\/media\/2434"}],"wp:attachment":[{"href":"https:\/\/www.lesmerveillesdupacifique.com\/it\/wp-json\/wp\/v2\/media?parent=1806"}],"wp:term":[{"taxonomy":"product_cat","embeddable":true,"href":"https:\/\/www.lesmerveillesdupacifique.com\/it\/wp-json\/wp\/v2\/product_cat?post=1806"},{"taxonomy":"product_tag","embeddable":true,"href":"https:\/\/www.lesmerveillesdupacifique.com\/it\/wp-json\/wp\/v2\/product_tag?post=1806"}],"curies":[{"name":"wp","href":"https:\/\/api.w.org\/{rel}","templated":true}]}}

<p><strong>Perla di coltura di Tahiti</strong><br />
<strong>forma: </strong><span lang="EN-US">cerchiata<br />
</span><strong><span lang="EN-US">dimensione</span>:</strong> 10-11 mm<br />
<strong>qualità:</strong> A/B<br />
<span lang="EN-US">cordoncino in poliestere</span> nodi marini scorrevoli</p>
<p><strong>colori disponibili :</strong> rosso, beige, marrone, verde, rosa, nero, grigio<br />
<strong>braccialetti abbinati</strong></p>

<!-- This site is optimized with the Yoast SEO plugin v18.3 - https://yoast.com/wordpress/plugins/seo/ -->
<title>Collier en perle de culture cerclée noire sur cordon - COLC01 Noir</title>
<meta name="description" content="Découvrez notre collier en perle cerclée confectionné à partir d&#039;une perle de culture de couleur noire dans les ateliers Les Merveilles du Pacifique, importateur de perles de Tahiti depuis 2009." />
<meta name="robots" content="index, follow, max-snippet:-1, max-image-preview:large, max-video-preview:-1" />
<link rel="canonical" href="https://www.lesmerveillesdupacifique.com/it/produit/colc01-noir/" />
<meta property="og:locale" content="it_IT" />
<meta property="og:type" content="article" />
<meta property="og:title" content="Collier en perle de culture cerclée noire sur cordon - COLC01 Noir" />
<meta property="og:description" content="Découvrez notre collier en perle cerclée confectionné à partir d&#039;une perle de culture de couleur noire dans les ateliers Les Merveilles du Pacifique, importateur de perles de Tahiti depuis 2009." />
<meta property="og:url" content="https://www.lesmerveillesdupacifique.com/produit/colc01-noir/" />
<meta property="og:site_name" content="Les Merveilles du Pacifique" />
<meta property="article:modified_time" content="2025-04-14T10:28:09+00:00" />
<meta property="og:image" content="https://www.lesmerveillesdupacifique.com/wp-content/uploads/2019/12/COLC01-noir-scaled.jpg" />
	<meta property="og:image:width" content="1920" />
	<meta property="og:image:height" content="2560" />
	<meta property="og:image:type" content="image/jpeg" />
<meta name="twitter:card" content="summary_large_image" />
<script type="application/ld+json" class="yoast-schema-graph">{"@context":"https://schema.org","@graph":[{"@type":"WebSite","@id":"https://www.lesmerveillesdupacifique.com/fr/#website","url":"https://www.lesmerveillesdupacifique.com/fr/","name":"Les Merveilles du Pacifique","description":"Perles de culture de Tahiti","potentialAction":[{"@type":"SearchAction","target":{"@type":"EntryPoint","urlTemplate":"https://www.lesmerveillesdupacifique.com/fr/?s={search_term_string}"},"query-input":"required name=search_term_string"}],"inLanguage":"it-IT"},{"@type":"ImageObject","@id":"https://www.lesmerveillesdupacifique.com/produit/colc01-noir/#primaryimage","inLanguage":"it-IT","url":"https://www.lesmerveillesdupacifique.com/wp-content/uploads/2019/12/COLC01-noir-scaled.jpg","contentUrl":"https://www.lesmerveillesdupacifique.com/wp-content/uploads/2019/12/COLC01-noir-scaled.jpg","width":1920,"height":2560,"caption":"perle de Tahiti"},{"@type":"WebPage","@id":"https://www.lesmerveillesdupacifique.com/produit/colc01-noir/#webpage","url":"https://www.lesmerveillesdupacifique.com/produit/colc01-noir/","name":"Collier en perle de culture cerclée noire sur cordon - COLC01 Noir","isPartOf":{"@id":"https://www.lesmerveillesdupacifique.com/fr/#website"},"primaryImageOfPage":{"@id":"https://www.lesmerveillesdupacifique.com/produit/colc01-noir/#primaryimage"},"datePublished":"2019-12-03T11:02:02+00:00","dateModified":"2025-04-14T10:28:09+00:00","description":"Découvrez notre collier en perle cerclée confectionné à partir d'une perle de culture de couleur noire dans les ateliers Les Merveilles du Pacifique, importateur de perles de Tahiti depuis 2009.","breadcrumb":{"@id":"https://www.lesmerveillesdupacifique.com/produit/colc01-noir/#breadcrumb"},"inLanguage":"it-IT","potentialAction":[{"@type":"ReadAction","target":["https://www.lesmerveillesdupacifique.com/produit/colc01-noir/"]}]},{"@type":"BreadcrumbList","@id":"https://www.lesmerveillesdupacifique.com/produit/colc01-noir/#breadcrumb","itemListElement":[{"@type":"ListItem","position":1,"name":"Accueil","item":"https://www.lesmerveillesdupacifique.com/"},{"@type":"ListItem","position":2,"name":"Collection","item":"https://www.lesmerveillesdupacifique.com/fr/shop/"},{"@type":"ListItem","position":3,"name":"Collier perle cerclée sur cordon &#8211; COLC01 Noir"}]}]}</script>
<!-- / Yoast SEO plugin. -->

Collier en perle de culture cerclée noire sur cordon - COLC01 Noir

Découvrez notre collier en perle cerclée confectionné à partir d'une perle de culture de couleur noire dans les ateliers Les Merveilles du Pacifique, importateur de perles de Tahiti depuis 2009.

Collier perle cerclée sur cordon &#8211; COLC01 Noir
